{"id":554,"date":"2021-08-25T02:16:38","date_gmt":"2021-08-25T00:16:38","guid":{"rendered":"http:\/\/www.fabienratier.com\/index.php\/about\/"},"modified":"2023-09-26T15:40:01","modified_gmt":"2023-09-26T13:40:01","slug":"a-propos","status":"publish","type":"page","link":"https:\/\/www.fabienratier.com\/index.php\/a-propos\/","title":{"rendered":"A propos"},"content":{"rendered":"\t\t<div data-elementor-type=\"wp-page\" data-elementor-id=\"554\" class=\"elementor elementor-554\">\n\t\t\t\t\t\t<section class=\"elementor-section elementor-top-section elementor-element elementor-element-d4bbde2 elementor-section-boxed elementor-section-height-default elementor-section-height-default\" data-id=\"d4bbde2\" data-element_type=\"section\" data-settings=\"{&quot;background_background&quot;:&quot;classic&quot;}\">\n\t\t\t\t\t\t\t<div class=\"elementor-background-overlay\"><\/div>\n\t\t\t\t\t\t\t<div class=\"elementor-container elementor-column-gap-no\">\n\t\t\t\t\t<div class=\"elementor-column elementor-col-100 elementor-top-column elementor-element elementor-element-9b4568a\" data-id=\"9b4568a\" data-element_type=\"column\">\n\t\t\t<div class=\"elementor-widget-wrap elementor-element-populated\">\n\t\t\t\t\t\t<div class=\"elementor-element elementor-element-e5becf5 elementor-widget elementor-widget-heading\" data-id=\"e5becf5\" data-element_type=\"widget\" data-widget_type=\"heading.default\">\n\t\t\t\t<div class=\"elementor-widget-container\">\n\t\t\t<h6 class=\"elementor-heading-title elementor-size-default\">EN SAVoir plus<\/h6>\t\t<\/div>\n\t\t\t\t<\/div>\n\t\t\t\t<div class=\"elementor-element elementor-element-6d9c8e2 elementor-widget elementor-widget-heading\" data-id=\"6d9c8e2\" data-element_type=\"widget\" data-widget_type=\"heading.default\">\n\t\t\t\t<div class=\"elementor-widget-container\">\n\t\t\t<h1 class=\"elementor-heading-title elementor-size-default\">Qui je suis<\/h1>\t\t<\/div>\n\t\t\t\t<\/div>\n\t\t\t\t<div class=\"elementor-element elementor-element-9c9fc22 elementor-widget elementor-widget-text-editor\" data-id=\"9c9fc22\" data-element_type=\"widget\" data-widget_type=\"text-editor.default\">\n\t\t\t\t<div class=\"elementor-widget-container\">\n\t\t\t\t\t\t\t<p>De mes premiers pas sur sc\u00e8ne&nbsp; jusqu\u2019\u00e0 la rencontre d\u2019Allan Wright et la Technique du Chanteur Moderne<\/p>\t\t\t\t\t\t<\/div>\n\t\t\t\t<\/div>\n\t\t\t\t\t<\/div>\n\t\t<\/div>\n\t\t\t\t\t<\/div>\n\t\t<\/section>\n\t\t\t\t<section class=\"elementor-section elementor-top-section elementor-element elementor-element-11b1f4e3 elementor-section-boxed elementor-section-height-default elementor-section-height-default\" data-id=\"11b1f4e3\" data-element_type=\"section\" data-settings=\"{&quot;background_background&quot;:&quot;classic&quot;}\">\n\t\t\t\t\t\t<div class=\"elementor-container elementor-column-gap-no\">\n\t\t\t\t\t<div class=\"elementor-column elementor-col-100 elementor-top-column elementor-element elementor-element-475bb4dd\" data-id=\"475bb4dd\" data-element_type=\"column\">\n\t\t\t<div class=\"elementor-widget-wrap elementor-element-populated\">\n\t\t\t\t\t\t<section class=\"elementor-section elementor-inner-section elementor-element elementor-element-75167c0c elementor-section-content-middle elementor-section-boxed elementor-section-height-default elementor-section-height-default\" data-id=\"75167c0c\" data-element_type=\"section\">\n\t\t\t\t\t\t<div class=\"elementor-container elementor-column-gap-no\">\n\t\t\t\t\t<div class=\"elementor-column elementor-col-50 elementor-inner-column elementor-element elementor-element-49d07c52\" data-id=\"49d07c52\" data-element_type=\"column\">\n\t\t\t<div class=\"elementor-widget-wrap elementor-element-populated\">\n\t\t\t\t\t\t<div class=\"elementor-element elementor-element-775c43ab elementor-widget elementor-widget-image\" data-id=\"775c43ab\" data-element_type=\"widget\" data-widget_type=\"image.default\">\n\t\t\t\t<div class=\"elementor-widget-container\">\n\t\t\t\t\t\t\t\t\t\t\t\t\t<img fetchpriority=\"high\" decoding=\"async\" width=\"1063\" height=\"1535\" src=\"https:\/\/www.fabienratier.com\/wp-content\/uploads\/2023\/03\/les-mizs3.jpeg\" class=\"attachment-full size-full wp-image-948\" alt=\"\" srcset=\"https:\/\/www.fabienratier.com\/wp-content\/uploads\/2023\/03\/les-mizs3.jpeg 1063w, https:\/\/www.fabienratier.com\/wp-content\/uploads\/2023\/03\/les-mizs3-208x300.jpeg 208w, https:\/\/www.fabienratier.com\/wp-content\/uploads\/2023\/03\/les-mizs3-709x1024.jpeg 709w, https:\/\/www.fabienratier.com\/wp-content\/uploads\/2023\/03\/les-mizs3-768x1109.jpeg 768w\" sizes=\"(max-width: 1063px) 100vw, 1063px\" \/>\t\t\t\t\t\t\t\t\t\t\t\t\t<\/div>\n\t\t\t\t<\/div>\n\t\t\t\t\t<\/div>\n\t\t<\/div>\n\t\t\t\t<div class=\"elementor-column elementor-col-50 elementor-inner-column elementor-element elementor-element-46b4c718\" data-id=\"46b4c718\" data-element_type=\"column\">\n\t\t\t<div class=\"elementor-widget-wrap elementor-element-populated\">\n\t\t\t\t\t\t<div class=\"elementor-element elementor-element-3c9e1d08 elementor-widget elementor-widget-heading\" data-id=\"3c9e1d08\" data-element_type=\"widget\" data-widget_type=\"heading.default\">\n\t\t\t\t<div class=\"elementor-widget-container\">\n\t\t\t<h3 class=\"elementor-heading-title elementor-size-default\">De la com\u00e9die et du chant...<\/h3>\t\t<\/div>\n\t\t\t\t<\/div>\n\t\t\t\t<div class=\"elementor-element elementor-element-7590a632 elementor-widget elementor-widget-text-editor\" data-id=\"7590a632\" data-element_type=\"widget\" data-widget_type=\"text-editor.default\">\n\t\t\t\t<div class=\"elementor-widget-container\">\n\t\t\t\t\t\t\t<p>Com\u00e9dien, chanteur, je fais mes premiers pas sur sc\u00e8ne \u00e0 16 ans avec l\u2019association Sigma et d\u00e9couvre la com\u00e9die musicale au festival de Fromentine o\u00f9 j\u2019interpr\u00e8te de nombreux r\u00f4les dans \u00ab Les Mis\u00e9rables \u00bb (Marius), \u00ab Cats \u00bb (Rocky Tamtam), \u00ab Starmania \u00bb (Johnny Rockfort), ou dans \u00ab La Belle et la B\u00eate \u00bb (La B\u00eate) &#8230;\u00a0<\/p><p><span style=\"font-style: inherit; font-weight: inherit; background-color: var( --e-global-color-astglobalcolor5 ); color: var(--ast-global-color-3);\">C\u2019est ainsi que je fais la rencontre de Jacques Raveleau-Duparc qui me met en sc\u00e8ne dans \u00ab Charette ou la victoire des vaincus \u00bb, \u00ab Cl\u00e9menceau ou la tranch\u00e9e des ba\u00efonnettes \u00bb, \u00ab 1588 de sel et de braise \u00bb et \u00ab Bonchamps, la force du pardon \u00bb. A Paris on a pu me voir dans les com\u00e9dies musicales \u00ab Big Manoir \u00bb avec Double D productions et \u00ab O\u00f9 tu veux qu\u2019on aille canaille \u00bb \u00e0 l\u2019Espace Jemmapes, dans des op\u00e9rettes telles que \u00ab La vie Parisienne \u00bb, \u00ab La belle H\u00e9l\u00e8ne \u00bb et \u00ab La P\u00e9richole \u00bb, mais \u00e9galement au Th\u00e9\u00e2tre d\u2019Edgar dans \u00ab Curriculum Vite fait \u00bb et \u00ab Mes meilleurs ennuis \u00bb.<\/span><\/p><p><span style=\"font-style: inherit; font-weight: inherit; color: var(--ast-global-color-3); background-color: var( --e-global-color-astglobalcolor5 );\">Je signe la mise en sc\u00e8ne de \u00ab Symphonia et la magie de la nature \u00bb qui se joue dans toute la France depuis plusieurs ann\u00e9es apr\u00e8s \u00eatre pass\u00e9 par le Festival d\u2019Avignon et participe depuis de nombreuses ann\u00e9es dans diff\u00e9rents festivals en Vend\u00e9e, notamment au Festival de l\u2019\u00cele Chauvet dans \u00ab Notre Dame de Paris \u00bb et \u00ab French Cancan \u00bb.<\/span><span style=\"font-size: 1rem; font-style: inherit; font-weight: inherit; color: var(--ast-global-color-3); background-color: var( --e-global-color-astglobalcolor5 );\">\u00a0<\/span><\/p>\t\t\t\t\t\t<\/div>\n\t\t\t\t<\/div>\n\t\t\t\t\t<\/div>\n\t\t<\/div>\n\t\t\t\t\t<\/div>\n\t\t<\/section>\n\t\t\t\t<section class=\"elementor-section elementor-inner-section elementor-element elementor-element-72d74b38 elementor-section-content-middle elementor-reverse-mobile elementor-section-boxed elementor-section-height-default elementor-section-height-default\" data-id=\"72d74b38\" data-element_type=\"section\">\n\t\t\t\t\t\t<div class=\"elementor-container elementor-column-gap-no\">\n\t\t\t\t\t<div class=\"elementor-column elementor-col-50 elementor-inner-column elementor-element elementor-element-2f7caed7\" data-id=\"2f7caed7\" data-element_type=\"column\">\n\t\t\t<div class=\"elementor-widget-wrap elementor-element-populated\">\n\t\t\t\t\t\t<div class=\"elementor-element elementor-element-71d283c8 elementor-widget elementor-widget-heading\" data-id=\"71d283c8\" data-element_type=\"widget\" data-widget_type=\"heading.default\">\n\t\t\t\t<div class=\"elementor-widget-container\">\n\t\t\t<h3 class=\"elementor-heading-title elementor-size-default\">... \u00e0 l'enseignement<\/h3>\t\t<\/div>\n\t\t\t\t<\/div>\n\t\t\t\t<div class=\"elementor-element elementor-element-2ee7d257 elementor-widget elementor-widget-text-editor\" data-id=\"2ee7d257\" data-element_type=\"widget\" data-widget_type=\"text-editor.default\">\n\t\t\t\t<div class=\"elementor-widget-container\">\n\t\t\t\t\t\t\t<p style=\"font-size: 16px; font-style: normal; font-weight: 400;\">En 2018, Je rencontre Allan Wright et d\u00e9couvre l\u2019approche de La Technique du Chanteur Moderne.\u00a0 C\u2019est alors que je d\u00e9cide de suivre la formation de professeur de technique vocale sp\u00e9cialis\u00e9 en sciences acoustiques pour apprendre l\u2019anatomie et la physiologie de la voix \u00e0 travers une approche fonctionnelle et rationnelle.<\/p><p style=\"font-size: 16px; font-style: normal; font-weight: 400;\">Aujourd\u2019hui, j\u2019enseigne la technique vocale en cours individuel, dirige vocalement des artistes dans des spectacles musicaux et anime des stages de d\u00e9couverte de la com\u00e9die musicale dans la r\u00e9gion Loire-Atlantique.<\/p><div>\u00a0<\/div>\t\t\t\t\t\t<\/div>\n\t\t\t\t<\/div>\n\t\t\t\t<div class=\"elementor-element elementor-element-171078ea elementor-widget elementor-widget-button\" data-id=\"171078ea\" data-element_type=\"widget\" data-widget_type=\"button.default\">\n\t\t\t\t<div class=\"elementor-widget-container\">\n\t\t\t\t\t<div class=\"elementor-button-wrapper\">\n\t\t\t<a class=\"elementor-button elementor-button-link elementor-size-sm\" href=\"http:\/\/www.fabienratier.com\/index.php\/reservation\/\">\n\t\t\t\t\t\t<span class=\"elementor-button-content-wrapper\">\n\t\t\t\t\t\t<span class=\"elementor-button-icon\">\n\t\t\t\t<svg xmlns=\"http:\/\/www.w3.org\/2000\/svg\" viewBox=\"0 0 2048 2048\"><path d=\"M6.125 1088h1797.89l-402.976 403 89.994 90L2048 1024l-556.966-557-89.994 90 402.976 403H6.125v128z\"><\/path><\/svg>\t\t\t<\/span>\n\t\t\t\t\t\t\t\t\t<span class=\"elementor-button-text\">R\u00e9server un cours<\/span>\n\t\t\t\t\t<\/span>\n\t\t\t\t\t<\/a>\n\t\t<\/div>\n\t\t\t\t<\/div>\n\t\t\t\t<\/div>\n\t\t\t\t\t<\/div>\n\t\t<\/div>\n\t\t\t\t<div class=\"elementor-column elementor-col-50 elementor-inner-column elementor-element elementor-element-40ae699d\" data-id=\"40ae699d\" data-element_type=\"column\">\n\t\t\t<div class=\"elementor-widget-wrap elementor-element-populated\">\n\t\t\t\t\t\t<div class=\"elementor-element elementor-element-5f0d9bac elementor-widget elementor-widget-image\" data-id=\"5f0d9bac\" data-element_type=\"widget\" data-widget_type=\"image.default\">\n\t\t\t\t<div class=\"elementor-widget-container\">\n\t\t\t\t\t\t\t\t\t\t\t\t\t<img decoding=\"async\" width=\"1063\" height=\"1535\" src=\"https:\/\/www.fabienratier.com\/wp-content\/uploads\/2023\/03\/Portrait-FR-web.jpg\" class=\"attachment-full size-full wp-image-947\" alt=\"\" srcset=\"https:\/\/www.fabienratier.com\/wp-content\/uploads\/2023\/03\/Portrait-FR-web.jpg 1063w, https:\/\/www.fabienratier.com\/wp-content\/uploads\/2023\/03\/Portrait-FR-web-208x300.jpg 208w, https:\/\/www.fabienratier.com\/wp-content\/uploads\/2023\/03\/Portrait-FR-web-709x1024.jpg 709w, https:\/\/www.fabienratier.com\/wp-content\/uploads\/2023\/03\/Portrait-FR-web-768x1109.jpg 768w\" sizes=\"(max-width: 1063px) 100vw, 1063px\" \/>\t\t\t\t\t\t\t\t\t\t\t\t\t<\/div>\n\t\t\t\t<\/div>\n\t\t\t\t\t<\/div>\n\t\t<\/div>\n\t\t\t\t\t<\/div>\n\t\t<\/section>\n\t\t\t\t\t<\/div>\n\t\t<\/div>\n\t\t\t\t\t<\/div>\n\t\t<\/section>\n\t\t\t\t<section class=\"elementor-section elementor-top-section elementor-element elementor-element-dbef9a0 elementor-section-boxed elementor-section-height-default elementor-section-height-default\" data-id=\"dbef9a0\" data-element_type=\"section\" data-settings=\"{&quot;background_background&quot;:&quot;classic&quot;}\">\n\t\t\t\t\t\t<div class=\"elementor-container elementor-column-gap-default\">\n\t\t\t\t\t<div class=\"elementor-column elementor-col-100 elementor-top-column elementor-element elementor-element-40b0e65\" data-id=\"40b0e65\" data-element_type=\"column\">\n\t\t\t<div class=\"elementor-widget-wrap elementor-element-populated\">\n\t\t\t\t\t\t<div class=\"elementor-element elementor-element-ddfb14d elementor-widget elementor-widget-heading\" data-id=\"ddfb14d\" data-element_type=\"widget\" data-widget_type=\"heading.default\">\n\t\t\t\t<div class=\"elementor-widget-container\">\n\t\t\t<h6 class=\"elementor-heading-title elementor-size-default\">ACTUS<\/h6>\t\t<\/div>\n\t\t\t\t<\/div>\n\t\t\t\t<div class=\"elementor-element elementor-element-da79b8a elementor-widget elementor-widget-heading\" data-id=\"da79b8a\" data-element_type=\"widget\" data-widget_type=\"heading.default\">\n\t\t\t\t<div class=\"elementor-widget-container\">\n\t\t\t<h2 class=\"elementor-heading-title elementor-size-default\">Spectacle, stage, direction vocale<\/h2>\t\t<\/div>\n\t\t\t\t<\/div>\n\t\t\t\t\t<\/div>\n\t\t<\/div>\n\t\t\t\t\t<\/div>\n\t\t<\/section>\n\t\t\t\t<section class=\"elementor-section elementor-top-section elementor-element elementor-element-b2337c2 elementor-section-boxed elementor-section-height-default elementor-section-height-default\" data-id=\"b2337c2\" data-element_type=\"section\" data-settings=\"{&quot;background_background&quot;:&quot;classic&quot;}\">\n\t\t\t\t\t\t<div class=\"elementor-container elementor-column-gap-default\">\n\t\t\t\t\t<div class=\"elementor-column elementor-col-33 elementor-top-column elementor-element elementor-element-677744b\" data-id=\"677744b\" data-element_type=\"column\">\n\t\t\t<div class=\"elementor-widget-wrap elementor-element-populated\">\n\t\t\t\t\t\t<div class=\"elementor-element elementor-element-78578c8 elementor-widget elementor-widget-image\" data-id=\"78578c8\" data-element_type=\"widget\" data-widget_type=\"image.default\">\n\t\t\t\t<div class=\"elementor-widget-container\">\n\t\t\t\t\t\t\t\t\t\t\t\t\t<img decoding=\"async\" width=\"768\" height=\"432\" src=\"https:\/\/www.fabienratier.com\/wp-content\/uploads\/2023\/03\/Chauvet-768x432.jpeg\" class=\"attachment-medium_large size-medium_large wp-image-952\" alt=\"\" srcset=\"https:\/\/www.fabienratier.com\/wp-content\/uploads\/2023\/03\/Chauvet-768x432.jpeg 768w, https:\/\/www.fabienratier.com\/wp-content\/uploads\/2023\/03\/Chauvet-300x169.jpeg 300w, https:\/\/www.fabienratier.com\/wp-content\/uploads\/2023\/03\/Chauvet-1024x576.jpeg 1024w, https:\/\/www.fabienratier.com\/wp-content\/uploads\/2023\/03\/Chauvet.jpeg 1280w\" sizes=\"(max-width: 768px) 100vw, 768px\" \/>\t\t\t\t\t\t\t\t\t\t\t\t\t<\/div>\n\t\t\t\t<\/div>\n\t\t\t\t<div class=\"elementor-element elementor-element-2fb8a8e elementor-widget elementor-widget-heading\" data-id=\"2fb8a8e\" data-element_type=\"widget\" data-widget_type=\"heading.default\">\n\t\t\t\t<div class=\"elementor-widget-container\">\n\t\t\t<h5 class=\"elementor-heading-title elementor-size-default\">Festival de l'\u00cele Chauvet<\/h5>\t\t<\/div>\n\t\t\t\t<\/div>\n\t\t\t\t<div class=\"elementor-element elementor-element-135253a elementor-widget elementor-widget-text-editor\" data-id=\"135253a\" data-element_type=\"widget\" data-widget_type=\"text-editor.default\">\n\t\t\t\t<div class=\"elementor-widget-container\">\n\t\t\t\t\t\t\t<p>Retrouvez-moi pour un Show C\u00e9line Dion le 3 ao\u00fbt 2023 au festival de l&rsquo;\u00cele Chauvet avec 7 autres chanteurs et 4 danseurs.<\/p>\t\t\t\t\t\t<\/div>\n\t\t\t\t<\/div>\n\t\t\t\t\t<\/div>\n\t\t<\/div>\n\t\t\t\t<div class=\"elementor-column elementor-col-33 elementor-top-column elementor-element elementor-element-5f58d84\" data-id=\"5f58d84\" data-element_type=\"column\">\n\t\t\t<div class=\"elementor-widget-wrap elementor-element-populated\">\n\t\t\t\t\t\t<div class=\"elementor-element elementor-element-e8a3657 elementor-widget elementor-widget-image\" data-id=\"e8a3657\" data-element_type=\"widget\" data-widget_type=\"image.default\">\n\t\t\t\t<div class=\"elementor-widget-container\">\n\t\t\t\t\t\t\t\t\t\t\t\t\t<img loading=\"lazy\" decoding=\"async\" width=\"724\" height=\"1024\" src=\"https:\/\/www.fabienratier.com\/wp-content\/uploads\/2023\/03\/Affiche-v27-724x1024.jpg\" class=\"attachment-large size-large wp-image-954\" alt=\"\" srcset=\"https:\/\/www.fabienratier.com\/wp-content\/uploads\/2023\/03\/Affiche-v27-724x1024.jpg 724w, https:\/\/www.fabienratier.com\/wp-content\/uploads\/2023\/03\/Affiche-v27-212x300.jpg 212w, https:\/\/www.fabienratier.com\/wp-content\/uploads\/2023\/03\/Affiche-v27-768x1086.jpg 768w, https:\/\/www.fabienratier.com\/wp-content\/uploads\/2023\/03\/Affiche-v27-1086x1536.jpg 1086w, https:\/\/www.fabienratier.com\/wp-content\/uploads\/2023\/03\/Affiche-v27.jpg 1403w\" sizes=\"(max-width: 724px) 100vw, 724px\" \/>\t\t\t\t\t\t\t\t\t\t\t\t\t<\/div>\n\t\t\t\t<\/div>\n\t\t\t\t<div class=\"elementor-element elementor-element-5c91027 elementor-widget elementor-widget-heading\" data-id=\"5c91027\" data-element_type=\"widget\" data-widget_type=\"heading.default\">\n\t\t\t\t<div class=\"elementor-widget-container\">\n\t\t\t<h5 class=\"elementor-heading-title elementor-size-default\">Valentine, femme(s) du marais<\/h5>\t\t<\/div>\n\t\t\t\t<\/div>\n\t\t\t\t<div class=\"elementor-element elementor-element-a14e249 elementor-widget elementor-widget-text-editor\" data-id=\"a14e249\" data-element_type=\"widget\" data-widget_type=\"text-editor.default\">\n\t\t\t\t<div class=\"elementor-widget-container\">\n\t\t\t\t\t\t\t<p>1905, dans les marais de la Barre-de-Monts, Valentine, une jeune mara\u00eechine de 23 ans, d\u00e9couvre les joies des premi\u00e8res amours. Les plaisirs sont pourtant de courte dur\u00e9e lorsqu\u2019ils la confrontent \u00e0 un contexte empreint de religion et de pression sociale. Entour\u00e9e des femmes de sa vie, elle devra apprendre \u00e0 avancer malgr\u00e9 tout pour s\u2019assurer un avenir serein.<\/p><p>Un spectacle de femmes sur les femmes qui ont port\u00e9 leur famille, leur m\u00e9nage, dans ces marais o\u00f9 la vie n\u2019est pas toujours \u00e9vidente, faisant face aux rumeurs, aux contraintes, mais qui ont toujours su faire face \u00e0 la diversit\u00e9.<\/p><p>Cette cr\u00e9ation est issue d\u2019une histoire vraie qui s\u2019est d\u00e9roul\u00e9e dans les marais, non loin d\u2019ici, dont Louise, sa fille, a marqu\u00e9 l\u2019histoire du Daviaud.<\/p>\t\t\t\t\t\t<\/div>\n\t\t\t\t<\/div>\n\t\t\t\t\t<\/div>\n\t\t<\/div>\n\t\t\t\t<div class=\"elementor-column elementor-col-33 elementor-top-column elementor-element elementor-element-e6e76d8\" data-id=\"e6e76d8\" data-element_type=\"column\">\n\t\t\t<div class=\"elementor-widget-wrap elementor-element-populated\">\n\t\t\t\t\t\t<div class=\"elementor-element elementor-element-81128e0 elementor-widget elementor-widget-image\" data-id=\"81128e0\" data-element_type=\"widget\" data-widget_type=\"image.default\">\n\t\t\t\t<div class=\"elementor-widget-container\">\n\t\t\t\t\t\t\t\t\t\t\t\t\t<img loading=\"lazy\" decoding=\"async\" width=\"712\" height=\"1024\" src=\"https:\/\/www.fabienratier.com\/wp-content\/uploads\/2023\/03\/5-Le-Roi-Lion-2000x2875-1-712x1024.jpeg\" class=\"attachment-large size-large wp-image-953\" alt=\"\" srcset=\"https:\/\/www.fabienratier.com\/wp-content\/uploads\/2023\/03\/5-Le-Roi-Lion-2000x2875-1-712x1024.jpeg 712w, https:\/\/www.fabienratier.com\/wp-content\/uploads\/2023\/03\/5-Le-Roi-Lion-2000x2875-1-209x300.jpeg 209w, https:\/\/www.fabienratier.com\/wp-content\/uploads\/2023\/03\/5-Le-Roi-Lion-2000x2875-1-768x1104.jpeg 768w, https:\/\/www.fabienratier.com\/wp-content\/uploads\/2023\/03\/5-Le-Roi-Lion-2000x2875-1-1069x1536.jpeg 1069w, https:\/\/www.fabienratier.com\/wp-content\/uploads\/2023\/03\/5-Le-Roi-Lion-2000x2875-1-1425x2048.jpeg 1425w, https:\/\/www.fabienratier.com\/wp-content\/uploads\/2023\/03\/5-Le-Roi-Lion-2000x2875-1-scaled.jpeg 1781w\" sizes=\"(max-width: 712px) 100vw, 712px\" \/>\t\t\t\t\t\t\t\t\t\t\t\t\t<\/div>\n\t\t\t\t<\/div>\n\t\t\t\t<div class=\"elementor-element elementor-element-e2254b5 elementor-widget elementor-widget-heading\" data-id=\"e2254b5\" data-element_type=\"widget\" data-widget_type=\"heading.default\">\n\t\t\t\t<div class=\"elementor-widget-container\">\n\t\t\t<h5 class=\"elementor-heading-title elementor-size-default\">Ecole de la com\u00e9die musicale<\/h5>\t\t<\/div>\n\t\t\t\t<\/div>\n\t\t\t\t<div class=\"elementor-element elementor-element-4fcc57c elementor-widget elementor-widget-text-editor\" data-id=\"4fcc57c\" data-element_type=\"widget\" data-widget_type=\"text-editor.default\">\n\t\t\t\t<div class=\"elementor-widget-container\">\n\t\t\t\t\t\t\t<p>A travers des ateliers p\u00e9dagogiques de chant et de th\u00e9\u00e2tre, les stagiaires seront amen\u00e9s \u00e0 travailler des chants (en solo et\/ou en groupe) et \u00e0 interpr\u00e9ter un\/des personnage(s) en vue d\u2019une restitution de stage publique reprenant les extraits de la com\u00e9die musicale \u00ab Le Roi Lion \u00bb.<\/p><p>Ces ateliers seront men\u00e9s par deux professionnels de la com\u00e9die musicale : Fabien Ratier (coach vocal, com\u00e9dien, chanteur, metteur en sc\u00e8ne) et Fabrice Todaro (com\u00e9dien, chanteur, metteur en sc\u00e8ne).<\/p>\t\t\t\t\t\t<\/div>\n\t\t\t\t<\/div>\n\t\t\t\t\t<\/div>\n\t\t<\/div>\n\t\t\t\t\t<\/div>\n\t\t<\/section>\n\t\t\t\t<\/div>\n\t\t","protected":false},"excerpt":{"rendered":"<p>EN SAVoir plus Qui je suis De mes premiers pas sur sc\u00e8ne&nbsp; jusqu\u2019\u00e0 la rencontre d\u2019Allan Wright et la Technique du Chanteur Moderne De la com\u00e9die et du chant&#8230; Com\u00e9dien, chanteur, je fais mes premiers pas sur sc\u00e8ne \u00e0 16 ans avec l\u2019association Sigma et d\u00e9couvre la com\u00e9die musicale au festival de Fromentine o\u00f9 j\u2019interpr\u00e8te &hellip;<\/p>\n<p class=\"read-more\"> <a class=\"\" href=\"https:\/\/www.fabienratier.com\/index.php\/a-propos\/\"> <span class=\"screen-reader-text\">A propos<\/span> Lire la suite\u00a0\u00bb<\/a><\/p>\n","protected":false},"author":1,"featured_media":0,"parent":0,"menu_order":0,"comment_status":"closed","ping_status":"closed","template":"","meta":{"site-sidebar-layout":"no-sidebar","site-content-layout":"page-builder","ast-global-header-display":"","ast-main-header-display":"","ast-hfb-above-header-display":"","ast-hfb-below-header-display":"","ast-hfb-mobile-header-display":"","site-post-title":"disabled","ast-breadcrumbs-content":"disabled","ast-featured-img":"disabled","footer-sml-layout":"","theme-transparent-header-meta":"enabled","adv-header-id-meta":"","stick-header-meta":"","header-above-stick-meta":"","header-main-stick-meta":"","header-below-stick-meta":"","footnotes":""},"class_list":["post-554","page","type-page","status-publish","hentry"],"_links":{"self":[{"href":"https:\/\/www.fabienratier.com\/index.php\/wp-json\/wp\/v2\/pages\/554","targetHints":{"allow":["GET"]}}],"collection":[{"href":"https:\/\/www.fabienratier.com\/index.php\/wp-json\/wp\/v2\/pages"}],"about":[{"href":"https:\/\/www.fabienratier.com\/index.php\/wp-json\/wp\/v2\/types\/page"}],"author":[{"embeddable":true,"href":"https:\/\/www.fabienratier.com\/index.php\/wp-json\/wp\/v2\/users\/1"}],"replies":[{"embeddable":true,"href":"https:\/\/www.fabienratier.com\/index.php\/wp-json\/wp\/v2\/comments?post=554"}],"version-history":[{"count":38,"href":"https:\/\/www.fabienratier.com\/index.php\/wp-json\/wp\/v2\/pages\/554\/revisions"}],"predecessor-version":[{"id":1230,"href":"https:\/\/www.fabienratier.com\/index.php\/wp-json\/wp\/v2\/pages\/554\/revisions\/1230"}],"wp:attachment":[{"href":"https:\/\/www.fabienratier.com\/index.php\/wp-json\/wp\/v2\/media?parent=554"}],"curies":[{"name":"wp","href":"https:\/\/api.w.org\/{rel}","templated":true}]}}